{"id":44,"date":"2021-05-27T19:16:12","date_gmt":"2021-05-27T22:16:12","guid":{"rendered":"http:\/\/www.rai.ufpr.br\/portal\/?page_id=44"},"modified":"2021-05-27T20:04:13","modified_gmt":"2021-05-27T23:04:13","slug":"rai-v-1-n-1-2016","status":"publish","type":"page","link":"http:\/\/www.rai.ufpr.br\/portal\/rai-v-1-n-1-2016\/","title":{"rendered":"RAI v.1, n.1 (2016)"},"content":{"rendered":"\n<div class=\"wp-block-image\"><figure class=\"aligncenter is-resized\"><img loading=\"lazy\" src=\"http:\/\/www.humanas.ufpr.br\/portal\/nepri\/files\/2016\/12\/capa.png\" alt=\"\" width=\"495\" height=\"700\"\/><\/figure><\/div>\n\n\n\n<h2>SUM\u00c1RIO<\/h2>\n\n\n\n<p class=\"has-text-align-left\"><strong><a href=\"http:\/\/www.rai.ufpr.br\/portal\/wp-content\/uploads\/2021\/05\/EDITORIAL.pdf\">EDITORIAL<\/a><\/strong><\/p>\n\n\n\n<h2>ARTIGOS<\/h2>\n\n\n\n<p><a href=\"http:\/\/www.rai.ufpr.br\/portal\/wp-content\/uploads\/2021\/05\/O-Waterloo-da-Guerra-Fria-antecedentes-da-invasao-sovietica-ao-Afeganistao-3.pdf\"><strong>O Waterloo da Guerra Fria antecedentes da invas\u00e3o sovi\u00e9tica ao Afeganist\u00e3o<\/strong><\/a><br><em>Andrew Patrick Traumann, Marina Portela Kaminski<\/em><\/p>\n\n\n\n<p><strong><a href=\"http:\/\/www.rai.ufpr.br\/portal\/wp-content\/uploads\/2021\/05\/Defesa-cibernetica-no-Brasil-1.pdf\">Defesa cibern\u00e9tica no Brasil<\/a><\/strong><br><em>Caroline Cordeiro Viana e Silva, Kauana Puglia Bandeira<\/em><br><br><strong><a href=\"http:\/\/www.rai.ufpr.br\/portal\/wp-content\/uploads\/2021\/05\/Transferencia-de-politicas-para-o-ambito-das-instituicoes-internacionais-a-aplicabilidade-de-modelos-de-analise-de-politica-externa-1.pdf\">Transfer\u00eancia de pol\u00edticas para o \u00e2mbito das institui\u00e7\u00f5es internacionais: a aplicabilidade de modelos de an\u00e1lise de pol\u00edtica externa<\/a><\/strong><br><em>Douglas Henrique Novelli<\/em><br><br><strong><a href=\"http:\/\/www.rai.ufpr.br\/portal\/wp-content\/uploads\/2021\/05\/A-Parceria-Estrategica-Brasil-Uniao-Europeia-e-o-Tratado-de-Lisboa-1.pdf\">A Parceria Estrat\u00e9gica Brasil-Uni\u00e3o Europeia e o Tratado de Lisboa<\/a><\/strong><br><em>Demetrius Ces\u00e1rio Pereira, Fernanda Persuhn Gon\u00e7alves, Igor Nunes Vidal, Mylena Peixoto de Mattos<\/em><br><br><strong><a href=\"http:\/\/www.rai.ufpr.br\/portal\/wp-content\/uploads\/2021\/05\/Instituicoes-Internacionais-e-Seguranca-a-Uniao-das-Nacoes-Sul-americanas-UNASUL-e-o-Conselho-de-Defesa-Sul-americano-1.pdf\">Institui\u00e7\u00f5es Internacionais e Seguran\u00e7a: a Uni\u00e3o das Na\u00e7\u00f5es Sul-americanas (UNASUL) e o Conselho de Defesa Sul-americano<\/a><\/strong><br><em>Roberta de Souza Mansani<\/em><br><br><strong><a href=\"http:\/\/www.rai.ufpr.br\/portal\/wp-content\/uploads\/2021\/05\/Trienal-de-Yokohama-a-arte-como-visibilidade-internacional-1.pdf\">Trienal de Yokohama: a arte como visibilidade internacional<\/a><\/strong><br><em>Tomoko Miyazono Coelho, Leonardo M\u00e8rcher<\/em><\/p>\n\n\n\n<p><\/p>\n","protected":false},"excerpt":{"rendered":"<p>SUM\u00c1RIO EDITORIAL ARTIGOS O Waterloo da Guerra Fria antecedentes da invas\u00e3o sovi\u00e9tica ao Afeganist\u00e3oAndrew Patrick Traumann, Marina Portela Kaminski Defesa cibern\u00e9tica no BrasilCaroline Cordeiro Viana e Silva, Kauana Puglia Bandeira Transfer\u00eancia de pol\u00edticas para o \u00e2mbito das institui\u00e7\u00f5es internacionais: a aplicabilidade de modelos de an\u00e1lise de pol\u00edtica externaDouglas Henrique Novelli A Parceria Estrat\u00e9gica Brasil-Uni\u00e3o Europeia [&hellip;]<\/p>\n","protected":false},"author":1,"featured_media":0,"parent":0,"menu_order":0,"comment_status":"closed","ping_status":"closed","template":"","meta":[],"_links":{"self":[{"href":"http:\/\/www.rai.ufpr.br\/portal\/wp-json\/wp\/v2\/pages\/44"}],"collection":[{"href":"http:\/\/www.rai.ufpr.br\/portal\/wp-json\/wp\/v2\/pages"}],"about":[{"href":"http:\/\/www.rai.ufpr.br\/portal\/wp-json\/wp\/v2\/types\/page"}],"author":[{"embeddable":true,"href":"http:\/\/www.rai.ufpr.br\/portal\/wp-json\/wp\/v2\/users\/1"}],"replies":[{"embeddable":true,"href":"http:\/\/www.rai.ufpr.br\/portal\/wp-json\/wp\/v2\/comments?post=44"}],"version-history":[{"count":17,"href":"http:\/\/www.rai.ufpr.br\/portal\/wp-json\/wp\/v2\/pages\/44\/revisions"}],"predecessor-version":[{"id":117,"href":"http:\/\/www.rai.ufpr.br\/portal\/wp-json\/wp\/v2\/pages\/44\/revisions\/117"}],"wp:attachment":[{"href":"http:\/\/www.rai.ufpr.br\/portal\/wp-json\/wp\/v2\/media?parent=44"}],"curies":[{"name":"wp","href":"https:\/\/api.w.org\/{rel}","templated":true}]}}