{"id":133,"date":"2021-05-27T20:16:16","date_gmt":"2021-05-27T23:16:16","guid":{"rendered":"http:\/\/www.rai.ufpr.br\/portal\/?page_id=133"},"modified":"2021-06-15T14:54:22","modified_gmt":"2021-06-15T17:54:22","slug":"rai-v-6-n-1-2021","status":"publish","type":"page","link":"http:\/\/www.rai.ufpr.br\/portal\/rai-v-6-n-1-2021\/","title":{"rendered":"RAI v. 6, n.1 (2021)"},"content":{"rendered":"\n<div class=\"wp-block-image\"><figure class=\"aligncenter is-resized\"><img loading=\"lazy\" src=\"http:\/\/www.humanas.ufpr.br\/portal\/nepri\/files\/2021\/02\/RAI.jpeg\" alt=\"\" width=\"364\" height=\"515\"\/><\/figure><\/div>\n\n\n\n<h2>SUM\u00c1RIO<\/h2>\n\n\n\n<p><a href=\"http:\/\/www.rai.ufpr.br\/portal\/wp-content\/uploads\/2021\/05\/EDITORIAL.2021.1.pdf\"><em>Editorial<\/em><\/a><\/p>\n\n\n\n<h2>ARTIGOS<\/h2>\n\n\n\n<p><strong><a href=\"http:\/\/www.rai.ufpr.br\/portal\/wp-content\/uploads\/2021\/05\/A-internacionalizacao-do-conflito-interestatal-entre-Indonesia-e-Timor-Leste-a-partir-do-Massacre-de-Santa-Cruz.pdf\">A internacionaliza\u00e7\u00e3o do conflito interestatal entre Indon\u00e9sia e Timor-Leste a partir do Massacre de Santa Cruz<\/a><\/strong><br><em>Vanessa de Azevedo Gomes<\/em><\/p>\n\n\n\n<p><strong><a href=\"http:\/\/www.rai.ufpr.br\/portal\/wp-content\/uploads\/2021\/05\/45-anos-de-relacoes-diplomaticas-Brasil-China-balancos-e-perspectivas.pdf\">45 anos de rela\u00e7\u00f5es diplom\u00e1ticas Brasil-China: balan\u00e7os e perspectivas&nbsp;<\/a><\/strong><br><em>Felipe Augusto Heiermann<\/em><\/p>\n\n\n\n<p><strong><a href=\"http:\/\/www.rai.ufpr.br\/portal\/wp-content\/uploads\/2021\/05\/O-Ocidente-experimenta-o-Brasil.pdf\">O Ocidente experimenta o Brasil<\/a><\/strong><br><em>Jonathann Schultz Fuly &nbsp;<\/em><\/p>\n\n\n\n<p><strong><a href=\"http:\/\/www.rai.ufpr.br\/portal\/wp-content\/uploads\/2021\/05\/Os-destaques-da-atuacao-brasiliera-na-Liga-das-Nacoes-negociacoes-do-mundo-apos-a-Primeira-Guerra-Mundial.pdf\">Os destaques da atua\u00e7\u00e3o brasiliera na Liga das Na\u00e7\u00f5es: negocia\u00e7\u00f5es do mundo ap\u00f3s a Primeira Guerra Mundial<\/a><\/strong><br><em>Isabelle Caon<br>Mait\u00ea Roman<br>Sofia Perusso<br>Tarsila Schorr<\/em><\/p>\n\n\n\n<p><strong><a href=\"http:\/\/www.rai.ufpr.br\/portal\/wp-content\/uploads\/2021\/05\/Reflexoes-sobre-o-processo-de-integracao-local-dosas-refugiadosas-no-Brasil.pdf\">Reflex\u00f5es sobre o processo de integra\u00e7\u00e3o local dos(as) refugiados(as) no Brasil<\/a><\/strong><br><em>Thiago Augusto Lima Alves<\/em><\/p>\n\n\n\n<p><\/p>\n\n\n\n<div class=\"wp-block-image\"><figure class=\"aligncenter\"><a href=\"https:\/\/creativecommons.org\/licenses\/by\/4.0\/\"><img src=\"https:\/\/i.creativecommons.org\/l\/by\/4.0\/88x31.png\" alt=\"Creative Commons License\"\/><\/a><\/figure><\/div>\n\n\n\n<p class=\"has-text-align-center\">This work is licensed under a&nbsp;<a href=\"https:\/\/creativecommons.org\/licenses\/by\/4.0\/\">Creative Commons Attribution 4.0 International License<\/a>.<\/p>\n","protected":false},"excerpt":{"rendered":"<p>SUM\u00c1RIO Editorial ARTIGOS A internacionaliza\u00e7\u00e3o do conflito interestatal entre Indon\u00e9sia e Timor-Leste a partir do Massacre de Santa CruzVanessa de Azevedo Gomes 45 anos de rela\u00e7\u00f5es diplom\u00e1ticas Brasil-China: balan\u00e7os e perspectivas&nbsp;Felipe Augusto Heiermann O Ocidente experimenta o BrasilJonathann Schultz Fuly &nbsp; Os destaques da atua\u00e7\u00e3o brasiliera na Liga das Na\u00e7\u00f5es: negocia\u00e7\u00f5es do mundo ap\u00f3s a [&hellip;]<\/p>\n","protected":false},"author":1,"featured_media":0,"parent":0,"menu_order":0,"comment_status":"closed","ping_status":"closed","template":"","meta":[],"_links":{"self":[{"href":"http:\/\/www.rai.ufpr.br\/portal\/wp-json\/wp\/v2\/pages\/133"}],"collection":[{"href":"http:\/\/www.rai.ufpr.br\/portal\/wp-json\/wp\/v2\/pages"}],"about":[{"href":"http:\/\/www.rai.ufpr.br\/portal\/wp-json\/wp\/v2\/types\/page"}],"author":[{"embeddable":true,"href":"http:\/\/www.rai.ufpr.br\/portal\/wp-json\/wp\/v2\/users\/1"}],"replies":[{"embeddable":true,"href":"http:\/\/www.rai.ufpr.br\/portal\/wp-json\/wp\/v2\/comments?post=133"}],"version-history":[{"count":5,"href":"http:\/\/www.rai.ufpr.br\/portal\/wp-json\/wp\/v2\/pages\/133\/revisions"}],"predecessor-version":[{"id":188,"href":"http:\/\/www.rai.ufpr.br\/portal\/wp-json\/wp\/v2\/pages\/133\/revisions\/188"}],"wp:attachment":[{"href":"http:\/\/www.rai.ufpr.br\/portal\/wp-json\/wp\/v2\/media?parent=133"}],"curies":[{"name":"wp","href":"https:\/\/api.w.org\/{rel}","templated":true}]}}